{"id":593,"date":"2021-09-13T08:56:10","date_gmt":"2021-09-13T08:56:10","guid":{"rendered":"https:\/\/www.osk-volta-slupsk.pl\/?page_id=593"},"modified":"2026-04-15T14:47:56","modified_gmt":"2026-04-15T14:47:56","slug":"oferta","status":"publish","type":"page","link":"https:\/\/www.osk-volta-slupsk.pl\/index.php\/oferta\/","title":{"rendered":"Oferta"},"content":{"rendered":"\t\t<div data-elementor-type=\"wp-page\" data-elementor-id=\"593\" class=\"elementor elementor-593\" data-elementor-settings=\"[]\">\n\t\t\t\t\t\t\t<div class=\"elementor-section-wrap\">\n\t\t\t\t\t\t\t<section class=\"elementor-section elementor-top-section elementor-element elementor-element-e97cb6c elementor-section-boxed elementor-section-height-default elementor-section-height-default\" data-id=\"e97cb6c\" data-element_type=\"section\" data-settings=\"{&quot;background_background&quot;:&quot;classic&quot;}\">\n\t\t\t\t\t\t<div class=\"elementor-container elementor-column-gap-default\">\n\t\t\t\t\t<div class=\"elementor-column elementor-col-100 elementor-top-column elementor-element elementor-element-860c26d\" data-id=\"860c26d\" data-element_type=\"column\">\n\t\t\t<div class=\"elementor-widget-wrap elementor-element-populated\">\n\t\t\t\t\t\t\t\t<div class=\"elementor-element elementor-element-b5c279b elementor-widget elementor-widget-heading\" data-id=\"b5c279b\" data-element_type=\"widget\" data-widget_type=\"heading.default\">\n\t\t\t\t<div class=\"elementor-widget-container\">\n\t\t\t<h2 class=\"elementor-heading-title elementor-size-default\">Kurs zawiera<\/h2>\t\t<\/div>\n\t\t\t\t<\/div>\n\t\t\t\t\t<\/div>\n\t\t<\/div>\n\t\t\t\t\t\t\t<\/div>\n\t\t<\/section>\n\t\t\t\t<section class=\"elementor-section elementor-top-section elementor-element elementor-element-ba60e9b elementor-section-boxed elementor-section-height-default elementor-section-height-default\" data-id=\"ba60e9b\" data-element_type=\"section\" data-settings=\"{&quot;background_background&quot;:&quot;classic&quot;}\">\n\t\t\t\t\t\t<div class=\"elementor-container elementor-column-gap-default\">\n\t\t\t\t\t<div class=\"elementor-column elementor-col-50 elementor-top-column elementor-element elementor-element-ad78350\" data-id=\"ad78350\" data-element_type=\"column\">\n\t\t\t<div class=\"elementor-widget-wrap elementor-element-populated\">\n\t\t\t\t\t\t\t\t<div class=\"elementor-element elementor-element-448d188 elementor-view-default elementor-position-top elementor-vertical-align-top elementor-widget elementor-widget-icon-box\" data-id=\"448d188\" data-element_type=\"widget\" data-widget_type=\"icon-box.default\">\n\t\t\t\t<div class=\"elementor-widget-container\">\n\t\t\t\t\t<div class=\"elementor-icon-box-wrapper\">\n\t\t\t\t\t\t<div class=\"elementor-icon-box-icon\">\n\t\t\t\t<span class=\"elementor-icon elementor-animation-\" >\n\t\t\t\t<i aria-hidden=\"true\" class=\"fas fa-book-open\"><\/i>\t\t\t\t<\/span>\n\t\t\t<\/div>\n\t\t\t\t\t\t<div class=\"elementor-icon-box-content\">\n\t\t\t\t<h3 class=\"elementor-icon-box-title\">\n\t\t\t\t\t<span  >\n\t\t\t\t\t\tZaj\u0119cia teoretyczne\t\t\t\t\t<\/span>\n\t\t\t\t<\/h3>\n\t\t\t\t\t\t\t\t\t<p class=\"elementor-icon-box-description\">\n\t\t\t\t\t\tSzkolenie teoretyczne sk\u0142ada si\u0119 z 30 godzin lekcyjnych <\/br> (45 minut ka\u017cda) i obejmuje:<\/br>\n<ul style=\"text-align: left; color: white; font-family:  'Alatsi', sans-serif; font-size: 20px;\">\n<li>przepisy ruchu drogowego<\/li>\n<li>zasady bezpiecznego poruszania si\u0119 po drodze<\/li>\n<li>zasady post\u0119powania w razie uczestnictwa w wypadku drogowym<\/li>\n<li>zasady udzielania pierwszej pomocy (szkolenie przeprowadza Ratownik Medyczny)<\/li>\n<\/ul>\t\t\t\t\t<\/p>\n\t\t\t\t\t\t\t<\/div>\n\t\t<\/div>\n\t\t\t\t<\/div>\n\t\t\t\t<\/div>\n\t\t\t\t\t<\/div>\n\t\t<\/div>\n\t\t\t\t<div class=\"elementor-column elementor-col-50 elementor-top-column elementor-element elementor-element-ad9bcb7\" data-id=\"ad9bcb7\" data-element_type=\"column\">\n\t\t\t<div class=\"elementor-widget-wrap elementor-element-populated\">\n\t\t\t\t\t\t\t\t<div class=\"elementor-element elementor-element-9e050ec elementor-view-default elementor-position-top elementor-vertical-align-top elementor-widget elementor-widget-icon-box\" data-id=\"9e050ec\" data-element_type=\"widget\" data-widget_type=\"icon-box.default\">\n\t\t\t\t<div class=\"elementor-widget-container\">\n\t\t\t\t\t<div class=\"elementor-icon-box-wrapper\">\n\t\t\t\t\t\t<div class=\"elementor-icon-box-icon\">\n\t\t\t\t<span class=\"elementor-icon elementor-animation-\" >\n\t\t\t\t<i aria-hidden=\"true\" class=\"fas fa-car\"><\/i>\t\t\t\t<\/span>\n\t\t\t<\/div>\n\t\t\t\t\t\t<div class=\"elementor-icon-box-content\">\n\t\t\t\t<h3 class=\"elementor-icon-box-title\">\n\t\t\t\t\t<span  >\n\t\t\t\t\t\tZaj\u0119cia praktyczne\t\t\t\t\t<\/span>\n\t\t\t\t<\/h3>\n\t\t\t\t\t\t\t\t\t<p class=\"elementor-icon-box-description\">\n\t\t\t\t\t\tSzkolenie praktyczne sk\u0142ada si\u0119 z 30 godzin zegrowych <\/br> (60 minut ka\u017cda) i obejmuje:<\/br>\n<ul style=\"text-align: left; color: white; font-family:  'Alatsi', sans-serif; font-size: 20px;\">\n<li>szkolenie na placu manewrowym<\/li>\n<li>wykonywanie podstawowych czynno\u015bci kontrolno - obs\u0142ugowych pojazdu<\/li>\n<li>jazda na obszarze zabudowanym i poza nim<br><br><\/li>\n<\/ul>\t\t\t\t\t<\/p>\n\t\t\t\t\t\t\t<\/div>\n\t\t<\/div>\n\t\t\t\t<\/div>\n\t\t\t\t<\/div>\n\t\t\t\t\t<\/div>\n\t\t<\/div>\n\t\t\t\t\t\t\t<\/div>\n\t\t<\/section>\n\t\t\t\t<section class=\"elementor-section elementor-top-section elementor-element elementor-element-ac4b334 elementor-section-boxed elementor-section-height-default elementor-section-height-default\" data-id=\"ac4b334\" data-element_type=\"section\" data-settings=\"{&quot;background_background&quot;:&quot;classic&quot;}\">\n\t\t\t\t\t\t<div class=\"elementor-container elementor-column-gap-default\">\n\t\t\t\t\t<div class=\"elementor-column elementor-col-50 elementor-top-column elementor-element elementor-element-3f8ccd3\" data-id=\"3f8ccd3\" data-element_type=\"column\">\n\t\t\t<div class=\"elementor-widget-wrap elementor-element-populated\">\n\t\t\t\t\t\t\t\t<div class=\"elementor-element elementor-element-369987c elementor-view-default elementor-position-top elementor-vertical-align-top elementor-widget elementor-widget-icon-box\" data-id=\"369987c\" data-element_type=\"widget\" data-widget_type=\"icon-box.default\">\n\t\t\t\t<div class=\"elementor-widget-container\">\n\t\t\t\t\t<div class=\"elementor-icon-box-wrapper\">\n\t\t\t\t\t\t<div class=\"elementor-icon-box-icon\">\n\t\t\t\t<span class=\"elementor-icon elementor-animation-\" >\n\t\t\t\t<i aria-hidden=\"true\" class=\"fas fa-pen\"><\/i>\t\t\t\t<\/span>\n\t\t\t<\/div>\n\t\t\t\t\t\t<div class=\"elementor-icon-box-content\">\n\t\t\t\t<h3 class=\"elementor-icon-box-title\">\n\t\t\t\t\t<span  >\n\t\t\t\t\t\tWewn\u0119trzny egzamin teoretyczny\t\t\t\t\t<\/span>\n\t\t\t\t<\/h3>\n\t\t\t\t\t\t\t\t\t<p class=\"elementor-icon-box-description\">\n\t\t\t\t\t\tEgzamin teoretyczny zdaje si\u0119  po uko\u0144czeniu zaj\u0119\u0107 teoretycznych.<br>\t\t\t\t\t<\/p>\n\t\t\t\t\t\t\t<\/div>\n\t\t<\/div>\n\t\t\t\t<\/div>\n\t\t\t\t<\/div>\n\t\t\t\t\t<\/div>\n\t\t<\/div>\n\t\t\t\t<div class=\"elementor-column elementor-col-50 elementor-top-column elementor-element elementor-element-de05409\" data-id=\"de05409\" data-element_type=\"column\">\n\t\t\t<div class=\"elementor-widget-wrap elementor-element-populated\">\n\t\t\t\t\t\t\t\t<div class=\"elementor-element elementor-element-0a778ac elementor-view-default elementor-position-top elementor-vertical-align-top elementor-widget elementor-widget-icon-box\" data-id=\"0a778ac\" data-element_type=\"widget\" data-widget_type=\"icon-box.default\">\n\t\t\t\t<div class=\"elementor-widget-container\">\n\t\t\t\t\t<div class=\"elementor-icon-box-wrapper\">\n\t\t\t\t\t\t<div class=\"elementor-icon-box-icon\">\n\t\t\t\t<span class=\"elementor-icon elementor-animation-\" >\n\t\t\t\t<i aria-hidden=\"true\" class=\"fas fa-clipboard-check\"><\/i>\t\t\t\t<\/span>\n\t\t\t<\/div>\n\t\t\t\t\t\t<div class=\"elementor-icon-box-content\">\n\t\t\t\t<h3 class=\"elementor-icon-box-title\">\n\t\t\t\t\t<span  >\n\t\t\t\t\t\tWewn\u0119trzny egzamin praktyczny\t\t\t\t\t<\/span>\n\t\t\t\t<\/h3>\n\t\t\t\t\t\t\t\t\t<p class=\"elementor-icon-box-description\">\n\t\t\t\t\t\tEgzamin praktyczny zdajemy po uko\u0144czeniu <br>30 h  jazd praktycznych.\t\t\t\t\t<\/p>\n\t\t\t\t\t\t\t<\/div>\n\t\t<\/div>\n\t\t\t\t<\/div>\n\t\t\t\t<\/div>\n\t\t\t\t\t<\/div>\n\t\t<\/div>\n\t\t\t\t\t\t\t<\/div>\n\t\t<\/section>\n\t\t\t\t<section class=\"elementor-section elementor-top-section elementor-element elementor-element-49d267c elementor-section-boxed elementor-section-height-default elementor-section-height-default\" data-id=\"49d267c\" data-element_type=\"section\" data-settings=\"{&quot;background_background&quot;:&quot;classic&quot;}\">\n\t\t\t\t\t\t<div class=\"elementor-container elementor-column-gap-default\">\n\t\t\t\t\t<div class=\"elementor-column elementor-col-100 elementor-top-column elementor-element elementor-element-645b1ff\" data-id=\"645b1ff\" data-element_type=\"column\">\n\t\t\t<div class=\"elementor-widget-wrap elementor-element-populated\">\n\t\t\t\t\t\t\t\t<div class=\"elementor-element elementor-element-e7c264e elementor-widget elementor-widget-html\" data-id=\"e7c264e\" data-element_type=\"widget\" data-widget_type=\"html.default\">\n\t\t\t\t<div class=\"elementor-widget-container\">\n\t\t\t<style>\n    .course-price-item{\n        display: flex;\n        flex-direction: row;\n        justify-content: space-between;\n        background: white;\n        font-family: 'Alatsi', sans-serif;\n        border-radius: 15px;\n        padding: 20px;\n        font-size: 34px;\n        align-items: center;\n        color: #393939;\n    }\n    \n    .course-price-item-price{\n        background-color: #0089E2;\n        padding: 5px 15px;\n        border-radius: 15px;\n        font-size: 38px;\n        color: white;\n        cursor: default;\n        width: 150px;\n        text-align: center;\n        transition: 0.5s;\n    }\n    \n    .course-price-item-price:hover{\n        background-color: #0066CF;\n        transition: 0.5s;\n    }\n    \n    @media only screen and (max-width: 1024px){\n        .course-price-item{\n            font-size: 25px;\n        }\n        \n        .course-price-item-price{\n            font-size: 30px;\n            width: 130px;\n        }\n    }\n    \n    @media only screen and (max-width: 767px){\n        .course-price-item{\n            text-align: center;\n            font-size: 24px;\n            flex-direction: column;\n            height: 170px;\n        }\n        \n        .course-price-item-price{\n            font-size: 35px;\n            width: 150px;\n        }\n    }\n<\/style>\n\t\t<\/div>\n\t\t\t\t<\/div>\n\t\t\t\t<div class=\"elementor-element elementor-element-8fea2b4 elementor-widget elementor-widget-heading\" data-id=\"8fea2b4\" data-element_type=\"widget\" data-widget_type=\"heading.default\">\n\t\t\t\t<div class=\"elementor-widget-container\">\n\t\t\t<h2 class=\"elementor-heading-title elementor-size-default\">Cena kursu<\/h2>\t\t<\/div>\n\t\t\t\t<\/div>\n\t\t\t\t<div class=\"elementor-element elementor-element-76d11bd elementor-widget elementor-widget-html\" data-id=\"76d11bd\" data-element_type=\"widget\" data-widget_type=\"html.default\">\n\t\t\t\t<div class=\"elementor-widget-container\">\n\t\t\t<div class='course-price-item'>\n    <div class='course-price-item-title'>\n        Kurs ekspresowy (2-3 tygodnie; bez teorii)\n    <\/div>\n    <div class='course-price-item-price'>\n    3800z\u0142\n    <\/div>\n<\/div>\n\t\t<\/div>\n\t\t\t\t<\/div>\n\t\t\t\t<div class=\"elementor-element elementor-element-35abce8 elementor-widget elementor-widget-html\" data-id=\"35abce8\" data-element_type=\"widget\" data-widget_type=\"html.default\">\n\t\t\t\t<div class=\"elementor-widget-container\">\n\t\t\t9<div class='course-price-item'>\n    <div class='course-price-item-title'>\n        Kurs kat. B   \n    <\/div>\n    <div class='course-price-item-price'>\n        3390z\u0142\n    <\/div>\n<\/div>\n\t\t<\/div>\n\t\t\t\t<\/div>\n\t\t\t\t\t<\/div>\n\t\t<\/div>\n\t\t\t\t\t\t\t<\/div>\n\t\t<\/section>\n\t\t\t\t<section class=\"elementor-section elementor-top-section elementor-element elementor-element-419d152 elementor-section-boxed elementor-section-height-default elementor-section-height-default\" data-id=\"419d152\" data-element_type=\"section\" data-settings=\"{&quot;background_background&quot;:&quot;classic&quot;}\">\n\t\t\t\t\t\t<div class=\"elementor-container elementor-column-gap-default\">\n\t\t\t\t\t<div class=\"elementor-column elementor-col-100 elementor-top-column elementor-element elementor-element-57fcda2\" data-id=\"57fcda2\" data-element_type=\"column\">\n\t\t\t<div class=\"elementor-widget-wrap elementor-element-populated\">\n\t\t\t\t\t\t\t\t<div class=\"elementor-element elementor-element-056dca2 elementor-widget elementor-widget-heading\" data-id=\"056dca2\" data-element_type=\"widget\" data-widget_type=\"heading.default\">\n\t\t\t\t<div class=\"elementor-widget-container\">\n\t\t\t<h2 class=\"elementor-heading-title elementor-size-default\">Jazda doszkalaj\u0105ca<\/h2>\t\t<\/div>\n\t\t\t\t<\/div>\n\t\t\t\t<div class=\"elementor-element elementor-element-f28b267 elementor-widget elementor-widget-html\" data-id=\"f28b267\" data-element_type=\"widget\" data-widget_type=\"html.default\">\n\t\t\t\t<div class=\"elementor-widget-container\">\n\t\t\t<div class='course-price-item'>\n    <div class='course-price-item-title'>\n        Dla kursant\u00f3w spoza szko\u0142y\n    <\/div>\n    <div class='course-price-item-price'>\n        130z\u0142\n    <\/div>\n<\/div>\n\t\t<\/div>\n\t\t\t\t<\/div>\n\t\t\t\t<div class=\"elementor-element elementor-element-0be3ab7 elementor-widget elementor-widget-html\" data-id=\"0be3ab7\" data-element_type=\"widget\" data-widget_type=\"html.default\">\n\t\t\t\t<div class=\"elementor-widget-container\">\n\t\t\t<div class='course-price-item'>\n    <div class='course-price-item-title'>\n        Dla kursant\u00f3w OSK VOLTA\n    <\/div>\n    <div class='course-price-item-price'>\n        120z\u0142\n    <\/div>\n<\/div>\n\t\t<\/div>\n\t\t\t\t<\/div>\n\t\t\t\t\t<\/div>\n\t\t<\/div>\n\t\t\t\t\t\t\t<\/div>\n\t\t<\/section>\n\t\t\t\t<section class=\"elementor-section elementor-top-section elementor-element elementor-element-0f19f46 elementor-section-boxed elementor-section-height-default elementor-section-height-default\" data-id=\"0f19f46\" data-element_type=\"section\" data-settings=\"{&quot;background_background&quot;:&quot;classic&quot;}\">\n\t\t\t\t\t\t<div class=\"elementor-container elementor-column-gap-default\">\n\t\t\t\t\t<div class=\"elementor-column elementor-col-100 elementor-top-column elementor-element elementor-element-c1d0436\" data-id=\"c1d0436\" data-element_type=\"column\">\n\t\t\t<div class=\"elementor-widget-wrap elementor-element-populated\">\n\t\t\t\t\t\t\t\t<div class=\"elementor-element elementor-element-5d12e32 elementor-widget elementor-widget-heading\" data-id=\"5d12e32\" data-element_type=\"widget\" data-widget_type=\"heading.default\">\n\t\t\t\t<div class=\"elementor-widget-container\">\n\t\t\t<h2 class=\"elementor-heading-title elementor-size-default\">Istnieje mo\u017cliwo\u015b\u0107 p\u0142atno\u015bci w ratach!<\/h2>\t\t<\/div>\n\t\t\t\t<\/div>\n\t\t\t\t<div class=\"elementor-element elementor-element-ebed48c elementor-widget elementor-widget-heading\" data-id=\"ebed48c\" data-element_type=\"widget\" data-widget_type=\"heading.default\">\n\t\t\t\t<div class=\"elementor-widget-container\">\n\t\t\t<h2 class=\"elementor-heading-title elementor-size-default\">Wystarczy wp\u0142ata min. 500 z\u0142 i mo\u017cesz rozpocz\u0105\u0107 szkolenie!\nNr konta 31 2490 0005 0000 4500 3493 3303<\/h2>\t\t<\/div>\n\t\t\t\t<\/div>\n\t\t\t\t<div class=\"elementor-element elementor-element-e1987ce elementor-widget elementor-widget-text-editor\" data-id=\"e1987ce\" data-element_type=\"widget\" data-widget_type=\"text-editor.default\">\n\t\t\t\t<div class=\"elementor-widget-container\">\n\t\t\t\t\t\t\t<p>W cen\u0119 wliczone s\u0105 wszelkie niezb\u0119dne materia\u0142y szkoleniowe<\/p><p>P\u0142atno\u015b\u0107 mo\u017ce by\u0107 dokonana got\u00f3wk\u0105 lub przelewem na konto<\/p>\t\t\t\t\t\t<\/div>\n\t\t\t\t<\/div>\n\t\t\t\t\t<\/div>\n\t\t<\/div>\n\t\t\t\t\t\t\t<\/div>\n\t\t<\/section>\n\t\t\t\t\t\t<\/div>\n\t\t\t\t\t<\/div>\n\t\t","protected":false},"excerpt":{"rendered":"<p>Kurs zawiera Zaj\u0119cia teoretyczne Szkolenie teoretyczne sk\u0142ada si\u0119 z 30 godzin lekcyjnych (45 minut ka\u017cda) i obejmuje: przepisy ruchu drogowego zasady bezpiecznego poruszania si\u0119 po drodze zasady post\u0119powania w razie uczestnictwa w wypadku drogowym zasady udzielania pierwszej pomocy (szkolenie przeprowadza Ratownik Medyczny) Zaj\u0119cia praktyczne Szkolenie praktyczne sk\u0142ada si\u0119 z 30 godzin zegrowych (60 minut ka\u017cda) [&hellip;]<\/p>\n","protected":false},"author":1,"featured_media":0,"parent":0,"menu_order":0,"comment_status":"closed","ping_status":"closed","template":"","meta":[],"_links":{"self":[{"href":"https:\/\/www.osk-volta-slupsk.pl\/index.php\/wp-json\/wp\/v2\/pages\/593"}],"collection":[{"href":"https:\/\/www.osk-volta-slupsk.pl\/index.php\/wp-json\/wp\/v2\/pages"}],"about":[{"href":"https:\/\/www.osk-volta-slupsk.pl\/index.php\/wp-json\/wp\/v2\/types\/page"}],"author":[{"embeddable":true,"href":"https:\/\/www.osk-volta-slupsk.pl\/index.php\/wp-json\/wp\/v2\/users\/1"}],"replies":[{"embeddable":true,"href":"https:\/\/www.osk-volta-slupsk.pl\/index.php\/wp-json\/wp\/v2\/comments?post=593"}],"version-history":[{"count":218,"href":"https:\/\/www.osk-volta-slupsk.pl\/index.php\/wp-json\/wp\/v2\/pages\/593\/revisions"}],"predecessor-version":[{"id":1238,"href":"https:\/\/www.osk-volta-slupsk.pl\/index.php\/wp-json\/wp\/v2\/pages\/593\/revisions\/1238"}],"wp:attachment":[{"href":"https:\/\/www.osk-volta-slupsk.pl\/index.php\/wp-json\/wp\/v2\/media?parent=593"}],"curies":[{"name":"wp","href":"https:\/\/api.w.org\/{rel}","templated":true}]}}